- 2*t + 7 - 3 + t**3 + 7*t**2. Let j be l(-7). Suppose d - 4*y = j, -d = 4*y - 0*y + 10. What is the units digit of d?
2
Let j be 0/(1*(0 + 3)). Suppose -k + 3*u - 7 - 5 = 0, j = k - 5*u + 22. What is the tens digit of 13/(k*2/24)?
5
What is the tens digit of (-1)/(-3) - (1306/(-6) + -5)?
2
Suppose 3*c - 13 = 3*n - 5*n, -3*n + 2 = 2*c. Suppose 2*r - 131 + c = 0. What is the tens digit of r?
6
Let x(y) = -y**2 + 8*y + 2. Let t(n) = 3*n - 1. Let r = -7 - -10. Let c be t(r). What is the units digit of x(c)?
2
Let g(l) = 2*l**2 - 24*l + 35. What is the units digit of g(14)?
1
Suppose -81 = -0*x + 3*x. Let n = x - -58. What is the units digit of n?
1
Let w = 2090 + -914. What is the thousands digit of w?
1
Let a(m) = m**3 + 5*m**2 - 3*m + 4. Let j be a(3). Suppose j = 3*n + b, 20 = -4*b + 9*b. What is the tens digit of n?
2
What is the tens digit of 50/30 + 68/6?
1
Suppose -103*v = -22*v - 458136. What is the units digit of v?
6
Let v(u) = 2*u**3 - 18*u**2 + 25*u - 8. Suppose 4*t - 33 = -1. What is the units digit of v(t)?
4
Suppose 0 = -89*f + 85*f + 7616. What is the hundreds digit of f?
9
Let m(x) = 2*x + 283. What is the tens digit of m(44)?
7
Let m(i) = -32*i - 59. What is the hundreds digit of m(-6)?
1
Let b(t) = -29*t - 4. Let c be b(5). Let n = c + 284. What is the units digit of n?
5
Let h(p) = -19*p - 14. Suppose 7*f + 28 + 0 = 0. What is the units digit of h(f)?
2
Let t(x) = 6*x**2 - 7*x - 3. Let c be t(-5). Suppose -49 = -3*m + c. What is the units digit of m?
7
Let j(r) = -2*r**2 - 9*r. Let o be j(-4). What is the units digit of o + 66 - 8/2?
6
Let j = -486 + 716. What is the units digit of j?
0
Suppose -2*s + 2*g + 108 = 0, 3*s - 158 = 3*g + g. What is the tens digit of s?
5
Let w(j) = 3*j + 46. Let h be w(-14). Suppose -2*f - 2*f = -h*p + 564, -2*p + 3*f + 277 = 0. What is the tens digit of p?
4
What is the hundreds digit of (1/3)/(3 + (-129520)/43176)?
7
Let j(t) = 2*t + 7. Suppose w + a = 2*a - 3, -w = 4*a - 2. What is the units digit of j(w)?
3
What is the units digit of (326/4)/(6/36)?
9
What is the units digit of 0 - (5 - 5) - -773?
3
Let l = -3571 - -5536. What is the tens digit of l?
6
What is the tens digit of 4470/24 + 12/16?
8
Let i be 2/8 + 225/12. Let f = 9 - i. Let m = f + 54. What is the units digit of m?
4
Suppose 5*s = -3*k + 3400, -5*s - 554 = -5*k + 5166. What is the hundreds digit of k?
1
Suppose 120 = -2*b + 7*b. Suppose k = -v - v + 7, 4*k - 5*v + b = 0. What is the tens digit of k/(-7) - (-375)/21?
1
Let c(x) = x**2 - 25*x + 64. Let v be c(21). Let w(q) = -q**3 - 4*q**2 + 5*q + 8. Let g be w(-6). Let b = g + v. What is the units digit of b?
0
Let r = -3045 + 7405. What is the hundreds digit of r?
3
Let x(a) be the first derivative of a**4/4 - a**3 + a**2 + 150*a + 40. What is the hundreds digit of x(0)?
1
Let m = -2170 + 4076. What is the units digit of m?
6
Suppose -7*y = -5*y + 10. Let u(h) = h**2 + 5*h + 1. Let i be u(-4). What is the units digit of 15*(i - y)/6?
5
What is the tens digit of (-1 + 15 - 13)/((-1)/(-2182))?
8
Let d(x) = 49*x - 10. What is the tens digit of d(5)?
3
Suppose 4*a = 4*c + 11792, 0 = -4*a - 5*c + 15769 - 4022. What is the hundreds digit of a?
9
Let d = 2349 - -146. What is the hundreds digit of d?
4
Let a be 10/4 - (-910)/(-28). Let n(w) = w**2 - 3*w + 1. Let s be n(1). What is the units digit of s/(a/14 + 2)?
7
Let n = 940 + -556. What is the hundreds digit of n?
3
Suppose -2*v = -872 - 94. Suppose 5*d + q - v = -0*q, 3*q = -4*d + 393. What is the units digit of d?
6
Let b = 296 - 114. What is the tens digit of b?
8
Suppose 30*t - 53600 - 50950 = 0. What is the thousands digit of t?
3
Suppose 0 = -20*j + 19*j + 22. Suppose -m + 29 + j = 0. What is the units digit of m?
1
Let i = 27 + 45. Suppose l = -2*l + i. What is the units digit of l?
4
Let w = 1250 - 540. What is the tens digit of w?
1
Let x(f) = -6*f + 62. Let h be x(9). Suppose h*u - 1738 = -3*u. What is the units digit of u?
8
What is the hundreds digit of (-6)/(-27) - 55930/(-63)?
8
What is the thousands digit of -5*(-2615)/2*(-24)/(-150)?
1
What is the hundreds digit of 16710/66 - -4*(-4)/88?
2
Let x = 1812 - 1231. What is the units digit of x?
1
Suppose 2*d + 1392 = 3*a, 0*a + 5*a - 2320 = 4*d. What is the units digit of a?
4
Let c = 89 + -89. What is the tens digit of -3 + (-3 - c) + 107?
0
Let c be -4 - -9 - (1 - 2). Suppose -76 = 2*g - c*g. Let k = 24 + g. What is the tens digit of k?
4
What is the tens digit of 2*182/(-6)*18/(-7)?
5
Suppose 4*l + 2*m + 2 = 8, 5*l - 6 = -4*m. Suppose -18 = -l*x + 4*j, 4*j = 3*x - 0*j - 29. What is the units digit of x?
1
Let h(f) = 2*f**2 - 12*f + 142. What is the tens digit of h(7)?
5
Suppose 13 - 33 = -4*c. Suppose -4*t - 45 = -c*t. What is the units digit of t?
5
Suppose -7*l + 6*l + 455 = -2*r, l - 437 = -4*r. What is the tens digit of l?
4
Suppose 1190 - 438 = 3*s - 4*z, -z + 1261 = 5*s. What is the units digit of s?
2
What is the hundreds digit of (52 + -120)*54/(-8)?
4
Let o(y) = -157*y + 37. Let q be o(-11). Suppose p + q = 13*p. What is the tens digit of p?
4
Let j(l) = 2*l**2 - 6*l + 2. Let g(q) = -20*q - 13. Let o be g(6). Let t be (-2)/(-8) - o/28. What is the tens digit of j(t)?
2
Let b(r) be the second derivative of 2*r**4/3 + 19*r**3/6 + 11*r**2/2 - 19*r. What is the tens digit of b(-5)?
1
Let y(d) = d. Let l be y(-2). Let u(a) = -2*a**3 - 3*a**2 - 2*a - 3. Let c be u(l). What is the units digit of (-2)/(-2) + (c - -1)?
7
Suppose 146 = -5*l - 154. What is the hundreds digit of 342/(-4)*80/l?
1
What is the units digit of (1 - -817) + (-31 - -34)?
1
Let x(h) = -h**3 - h**2 - h. Let m(u) = 111*u**3 - 5*u**2 - u + 3. Let q(i) = -m(i) + 5*x(i). What is the hundreds digit of q(-1)?
1
Let d be (-6)/(-10) + 24/(-40). Let u = -4 + d. What is the units digit of (-3 - u) + (-24)/(-2)?
3
Let o be 30/26 + (-22)/143. What is the units digit of (-96)/4*o/(-2)?
2
Suppose -5*q + 8 = -5*i + 23, 0 = -5*q + 3*i - 5. Suppose -5*g + 135 = -5*f, g = -q*f - 3*f + 51. Suppose 0 = -5*k + g + 19. What is the units digit of k?
0
Let i = -171 - -822. What is the units digit of i?
1
Let q(m) = -m**2 + 19*m + 5. Let w = -75 - -87. What is the tens digit of q(w)?
8
Let b(f) = f - 3. Let c(h) = 1. Let w(a) = -b(a) - 6*c(a). Let x be w(0). What is the tens digit of (x - -3 - -28)/2?
1
Let z(y) = 2 + y**3 - 3 - 2 + 2 + y. Let m be z(0). What is the tens digit of m + (-117)/3*-1?
3
Suppose -6*r + 11*r = 3*n + 1891, -5*r + 1881 = 2*n. Suppose 0 = -5*g - r + 1172. What is the units digit of g?
9
Suppose -g + 2*t = -10 - 10, -17 = -g + 5*t. Let s = g + -16. Let j(r) = 8*r - 7. What is the tens digit of j(s)?
4
Let y(m) = m**3 + 6*m**2 + 4*m - 5. Let f be y(-5). Suppose o + 2*n + n - 9 = f, -3*o + 4*n + 40 = 0. What is the tens digit of o?
1
Let g(v) = 4*v - 7. Let z be g(6). Suppose -5*i + 13 + z = 0. Suppose 10 = -w + i*w. What is the units digit of w?
2
Let u(h) = h**3 - 7*h**2 + 7*h - 2. Let o be u(6). Suppose -3*z = -5*k - 189, k + 260 = o*z - 3*k. What is the units digit of z?
8
Suppose -16657 = -21*b - 1432. What is the tens digit of b?
2
Let r(z) = -z**2 - 4*z + 6. Let f be r(-5). Let u = f + 3. Suppose m + 48 = u*m. What is the tens digit of m?
1
Let d(h) = 2600*h - 351. What is the units digit of d(2)?
9
Let s(x) = -x**2 + 9*x + 4. Let w be s(9). Suppose -w*j + 6*j - 58 = 0. What is the tens digit of j?
2
Let j(w) = -10*w + 9. Let y = 29 + -33. Let k be j(y). Suppose -4*q + k = -51. What is the units digit of q?
5
Suppose 88 = -8*o + 8. Let j(i) = -i**3 - 11*i**2 - 14*i - 22. What is the tens digit of j(o)?
1
Let b(a) = -a**3 + 5*a**2 - 4*a - 2. Let q be b(3). What is the units digit of q - (-5515)/20 - (-2)/8?
0
Suppose -3*c - 3*d + 4383 + 1863 = 0, -4*c + 8344 = -4*d. What is the units digit of c?
4
Let z(b) = b + 4. Let f(q) = 3*q + 13. Let m(u) = 3*f(u) - 8*z(u). Let h be m(3). What is the units digit of (-8)/h + (-296)/(-20)?
4
Let h be 2/3 - 20/15*2. Let o(l) = l + 7. Let a be o(-5). What is the tens digit of (a + -24)*(h - -1)?
2
What is the tens digit of (-1)/(-8) + (289428/96 - 0)?
1
Let k = 1567 + 1143. What is the hundreds digit of k?
7
Suppose -7*g - 64 = -3*g. Let a = -26 - g. Let p = 20 + a. What is the tens digit of p?
1
Let s be ((-4)/10)/(4/(-1300)). What is the hundreds digit of